se -96*f + 107*f - 13585 = 0. What is the units digit of f?
5
What is the hundreds digit of 9*70 + (-2 - -1)*1?
6
Suppose -374 = o - 4*c - 29, -2*o - 2*c = 740. What is the hundreds digit of (-9)/(2 + o/175)?
1
Let c(u) = u**2 + 37*u - 25. What is the tens digit of c(-40)?
9
Suppose -2*l + 6 = 4*z, l + l = -3*z + 7. Let r be (-16)/(-10)*(5 - -10). Let j = r + z. What is the tens digit of j?
2
Let o = -69 - -2079. What is the hundreds digit of o?
0
Let n(j) = 30*j - 23. What is the tens digit of n(9)?
4
Suppose 0 = -s - 78 + 29. What is the units digit of s/(-1)*(0 - -1)?
9
Let d(t) = -5*t + 10. Let f be d(1). Let l(m) = m**2 - 5*m + 6. Let z be l(4). Suppose -z*r = -f*r + 57. What is the tens digit of r?
1
Suppose -5*l = -39*l + 53686. What is the units digit of l?
9
Suppose z - 1 = j - 0, 0 = 5*z - j - 13. Suppose -z*t + 132 = t. What is the tens digit of t?
3
Let f = -1362 - -2649. What is the units digit of f?
7
Suppose 0*v + 3*v = 3*f, -20 = -4*v - f. What is the hundreds digit of (v/(-3))/((-5)/(-405))*-2?
2
Suppose t - 232 = -v, 3*v = 3*t - 659 - 7. Suppose -5*k = 7 - t. What is the units digit of k?
4
Let k(r) = r**2 + 3*r - 8. Let q be k(-4). What is the units digit of ((-6)/4)/((4/q)/22)?
3
Let a = 250 + -126. Suppose 0 = -4*l + 2*l - 3*b + a, b - 132 = -2*l. What is the tens digit of l?
6
What is the units digit of (-5 - -10) + 18/3?
1
Let o be 3495/10*(1 + 1/(-3)). Suppose 342 + o = 5*c. What is the tens digit of c?
1
Let t(v) = -v**3 + 5*v**2 - v + 9. Let a be t(5). Suppose h = -1 + a. What is the units digit of 23 + -6 + (0 - h)?
4
Let p(w) = 7*w**2 - 54*w + 658. What is the units digit of p(21)?
1
Suppose f + u = 171, 3*f + f + u = 699. Suppose 0 = -p + 2*m + 43, -f = -5*p - 3*m - 0*m. What is the tens digit of p?
3
Suppose 7176 + 58832 = 37*q. What is the hundreds digit of q?
7
Suppose -3*v = -5*v + 12. Suppose 10*z = v*z - 4608. What is the tens digit of z/(-81) + 2/(-9)?
1
Let t be -1 + (-3 - 0 - 12). What is the tens digit of (-244)/(-3) - t/24?
8
Let p(a) = -5*a + 7. Let w(h) = 9*h - 13. Let i(r) = -11*p(r) - 6*w(r). Let n(l) = -l**2 - 8*l - 8. Let y(b) = -2*i(b) - n(b). What is the tens digit of y(-10)?
4
Suppose -l - 2*l - 5*k = -88, -l - k + 26 = 0. Suppose -5*v + 5*x = 180 - 315, -61 = -2*v - 5*x. Let y = l + v. What is the tens digit of y?
4
Let p = 9500 + -4894. What is the hundreds digit of p?
6
Suppose 5*v + 0*v = 1255. What is the units digit of v?
1
Suppose 9*b - 6419 = -2639. What is the tens digit of b?
2
What is the units digit of (-9 + 10)*(4*255 - 2)?
8
Let u(y) = 9*y - 18. Let x be u(10). Suppose 14 = -p + x. What is the tens digit of p?
5
Let k(d) = 28*d + 67. What is the tens digit of k(17)?
4
Suppose 1982 = 21*o - 2491. What is the units digit of o?
3
Suppose j - 6*j = -d - 63, 5*d - 49 = -3*j. Let n = 28 - 12. Let p = n + j. What is the units digit of p?
9
Let n = -1 + 5. Let c = 166 + -95. What is the units digit of 1/n + c/4?
8
Let d(a) = -4 + 24*a - 4 + 7*a + 53*a. What is the hundreds digit of d(2)?
1
Let o(x) = -77*x + 143. What is the tens digit of o(-13)?
4
Let s = 2929 - 870. What is the hundreds digit of s?
0
Suppose 0 = -g + m - 6, 5*m + 12 = m. What is the hundreds digit of (-12)/g*(-948)/(-8)?
1
Let n = 153 - -71. Suppose 8*i - 56 = n. What is the units digit of i?
5
Let g = -1898 + 2681. What is the units digit of g?
3
Let i be 14/6*(-17 + 20). Suppose -8*l = -i*l - 15. What is the units digit of l?
5
Let p(n) = 94*n**2 - 10*n + 34. What is the hundreds digit of p(4)?
4
Let y(z) = 3*z**2 - 2*z - 4. Let h be y(4). Let q = h - 3. Let o = -7 + q. What is the tens digit of o?
2
Let m = -341 - -482. Suppose -3*r + t + m = 0, -t + 6 = -3*t. Let j = 65 - r. What is the tens digit of j?
1
Let x(a) = -60*a + 140. What is the tens digit of x(-18)?
2
Suppose -68 = -3*m - 17. Suppose 5*u = -2 + m. What is the units digit of (2 - -12) + (-9)/u?
1
Let u(i) = i**3 - 15*i**2 - 14*i + 5. Let s be u(7). Let f = -248 - s. What is the units digit of f?
7
Let u(b) = b - 3. Let i be u(2). Let f be 0 + (-2 - (i + -3)). Suppose f*l = -l + 69. What is the tens digit of l?
2
Let g(v) = v**3 + 4*v**2 - 6*v - 10. Let b be g(-5). Let c be (-1 - b) + -34 - 2. Let w = -24 - c. What is the units digit of w?
8
Let l(j) = j**2. Let z(m) = 6*m**2 - 2*m + 14. Let b(w) = w**2. Let p(d) = 4*b(d) - z(d). Let x(h) = 3*l(h) + p(h). What is the units digit of x(-6)?
0
Let a(v) = 305*v - 118. What is the hundreds digit of a(3)?
7
Suppose -10 = 5*v, 5*y + 2*v = -109 - 10. Let b = -33 + 73. Let n = y + b. What is the units digit of n?
7
Suppose 35*q - 246792 = -17*q. What is the tens digit of q?
4
Let c(l) = 2*l**3 + 132*l**2 + 54*l - 12. What is the tens digit of c(-65)?
2
Let n(x) = 24*x + 61. What is the tens digit of n(10)?
0
Let k = 14 + 3. Suppose 3*u = 4*u + 3*g - k, -g + 5 = 0. Suppose 0 = -2*p - p + u*b + 67, 3*b = 12. What is the tens digit of p?
2
Suppose -96*t - 12879 = -123*t. What is the hundreds digit of t?
4
Suppose 0 = 101*b - 98*b - 1731. What is the tens digit of b?
7
Let n = -17 - -21. Let z be 2 + -4 + n + -2. Suppose m - 8 - 29 = z. What is the tens digit of m?
3
Let d be 28/(-35) + (-88)/(-10). Let g be (-19)/76 - 22/d. Let r(k) = 4*k**2 - 3*k. What is the units digit of r(g)?
5
Suppose -2*g + 5*v + 615 = 0, -689 = -4*g + 5*v + 556. What is the tens digit of 1*g/10*2?
6
Suppose 4*p = p + 12. Suppose 4*a = z + 3*a - p, -z + 2 = a. Suppose -3*i - z*d + 75 = 0, -5*i + 0*i - d = -113. What is the tens digit of i?
2
Suppose -4*i - 8 = 4*r + i, 0 = -i - 4. Suppose -y + 10 = y, -j = -y + r. Let p = 12 - j. What is the units digit of p?
0
Let h(p) = -5*p + 9. Let v be h(5). Let y be (-25)/(-4) + 4/v. Suppose 0 = b - y + 1. What is the units digit of b?
5
Suppose -5*w - 20 = -9*w. Suppose 3*z - x = -3*x + 18, -3*z + w*x = -18. What is the units digit of (-59)/(-4) - z/(-24)?
5
Suppose 39*b = 36*b + 564. Suppose i = -q + 5*q + b, q - 421 = -2*i. What is the tens digit of i?
0
Let c = -6520 - -9400. Suppose 4*x = 19*x - c. What is the tens digit of x?
9
Let y = -5 - -8. Suppose -5*a - c + 167 = 0, -y*a + c + 126 - 21 = 0. Suppose 0 = 2*x - a - 32. What is the tens digit of x?
3
Let x be 66/(-176) - 2019/(-8). Suppose 4*z + 72 = x. What is the tens digit of z?
4
Suppose 0 = 3*q - r - 22, 2*q - 24 = q - 3*r. Let m(t) = t**3 + 6. Let f be m(0). Suppose y - f = q. What is the units digit of y?
5
Suppose 0 = -s + 5*j + 187, -3*s + 3*j - j = -496. What is the tens digit of (s/(-10))/(-1) - 2/10?
1
Let q(p) = -259*p - 302. What is the thousands digit of q(-8)?
1
Let m = 2103 - 1394. What is the tens digit of m?
0
Let p = 97 - 91. Suppose 83 = -p*b + 629. What is the units digit of b?
1
Let l = 177 - 30. What is the hundreds digit of l?
1
Let d = 349 + -172. What is the units digit of d?
7
What is the tens digit of 2/(-15) - -2*2177/30?
4
Let c = -1668 - -2566. What is the units digit of c?
8
Suppose 15*m - 2667 = 528. What is the tens digit of m?
1
Let t = -138 + 474. What is the hundreds digit of t?
3
Suppose -4*b + 318 = -2670. What is the units digit of b?
7
Let r be 1/4 + (-28)/(-16). Suppose 0 = -2*k + 3*k + p + 6, -5*k + r = -3*p. What is the tens digit of 1*-3 + k + 15?
1
Suppose 4*l - 286 - 70 = 0. Let b = l + -37. What is the units digit of b?
2
Suppose -31*z + 30*z = -249. Let i = z - 176. What is the units digit of i?
3
Let n = 36 + -36. Suppose -4*i + 202 - 34 = n. What is the units digit of i?
2
Let u = 2479 + -1220. What is the hundreds digit of u?
2
Let p = -15 - -71. Suppose -3*k + p = -2*h, 5*h = -k + 2*k - 23. What is the units digit of (k/(-27))/(1/(-12))?
8
Let d(b) = 2*b - 5. Let z be d(5). Suppose n = z - 2. What is the units digit of n*5*24/15?
4
Suppose o - 61 - 18 = 0. Suppose 105 = 4*c - o. What is the units digit of c?
6
Suppose 10 - 30 = -5*h. Suppose 6*s - s + 45 = h*q, 4*q + 5*s = -5. Suppose 129 - 429 = -q*a. What is the units digit of a?
0
Let o(i) = -70*i. What is the hundreds digit of o(-2)?
1
Let w(h) = -h**2 - 7*h - 9. Let x be w(-3). Suppose 0 = 2*r - 3*t - 92, -x*t - t = 2*r - 78. What is the tens digit of r?
4
Let u = 40 + -24. Let a = -16 + u. Suppose a = 7*m - 2*m - 15. What is the units digit of m?
3
Let t(z) = z**2 + 1. Let p be (18/(-12))/(3/(-4)). Suppose -3*w - 3 = -4*a, 2*w - 6*w 